{"id":1435,"date":"2022-11-02T13:01:49","date_gmt":"2022-11-02T12:01:49","guid":{"rendered":"http:\/\/tarmac-equipements.fr\/?post_type=product&#038;p=1435"},"modified":"2022-11-17T18:08:08","modified_gmt":"2022-11-17T17:08:08","slug":"rallonge-extensible-15-metres-pour-casque-ipf-depart-avion-push-back-maintenance-jack-male-femelle","status":"publish","type":"product","link":"https:\/\/tarmac-equipements.fr\/index.php\/produit\/rallonge-extensible-15-metres-pour-casque-ipf-depart-avion-push-back-maintenance-jack-male-femelle\/","title":{"rendered":"Rallonge extensible 15 m\u00e8tres pour casque IPF d\u00e9part avion &#8211; push \/ back &#8211; maintenance (jack m\u00e2le-femelle)"},"content":{"rendered":"<p>Elle a \u00e9t\u00e9 con\u00e7ue pour les op\u00e9rations suivantes :<br \/>\n\u25d8 op\u00e9rations de repoussage et arriv\u00e9e \u00abpush-back\u00bb<br \/>\n\u25d8 op\u00e9rations de maintenance<br \/>\n\u25d8 utilisation en points fixes<\/p>\n<p>Caract\u00e9ristiques techniques :<br \/>\n\u25d8 gaine en polyur\u00e9thane<br \/>\n\u25d8 haute r\u00e9sistance \u00e0 l&rsquo;abrasion et produits chimiques<br \/>\n\u25d8 couleur orange haute visibilit\u00e9<br \/>\n\u25d8 longueur extensible 15 \u00e0 18 m\u00e8tres<br \/>\n\u25d8 avec fiches jack m\u00e2le \/ femelle st\u00e9r\u00e9o 6.35 mm<\/p>\n<p>Les connectiques peuvent \u00eatre modifi\u00e9es et adapt\u00e9es aux pr\u00e9requis techniques (ex : fiches jack, xlr etc.).<\/p>\n","protected":false},"excerpt":{"rendered":"<p>La rallonge de 15 m\u00e8tres extensible est compl\u00e9mentaire au casque d\u00e9part avion afin de permettre aux agents d&rsquo;effectuer les op\u00e9rations en toute mobilit\u00e9.<\/p>\n","protected":false},"featured_media":1450,"template":"","meta":{"_uag_custom_page_level_css":"","site-sidebar-layout":"default","site-content-layout":"default","ast-main-header-display":"","ast-hfb-above-header-display":"","ast-hfb-below-header-display":"","ast-hfb-mobile-header-display":"","site-post-title":"","ast-breadcrumbs-content":"","ast-featured-img":"","footer-sml-layout":"","theme-transparent-header-meta":"","adv-header-id-meta":"","stick-header-meta":"","header-above-stick-meta":"","header-main-stick-meta":"","header-below-stick-meta":""},"product_brand":[],"product_cat":[24],"product_tag":[],"class_list":{"0":"post-1435","1":"product","2":"type-product","3":"status-publish","4":"has-post-thumbnail","6":"product_cat-casques-ralonges","8":"first","9":"instock","10":"shipping-taxable","11":"product-type-simple"},"yoast_head":"<!-- This site is optimized with the Yoast SEO plugin v25.3 - https:\/\/yoast.com\/wordpress\/plugins\/seo\/ -->\n<title>Rallonge extensible 15 m\u00e8tres pour casque IPF d\u00e9part avion - push \/ back - maintenance (jack m\u00e2le-femelle)<\/title>\n<meta name=\"description\" content=\"Cette rallonge compl\u00e9mentaire au casque d\u00e9part avion, permet d&#039;effectuer les op\u00e9rations en toute mobilit\u00e9. Push-back, maintenance, proc\u00e9dure d\u00e9part avion...\" \/>\n<meta name=\"robots\" content=\"index, follow, max-snippet:-1, max-image-preview:large, max-video-preview:-1\" \/>\n<link rel=\"canonical\" href=\"http:\/\/tarmac-equipements.fr\/index.php\/produit\/rallonge-extensible-15-metres-pour-casque-ipf-depart-avion-push-back-maintenance-jack-male-femelle\/\" \/>\n<meta property=\"og:locale\" content=\"fr_FR\" \/>\n<meta property=\"og:type\" content=\"article\" \/>\n<meta property=\"og:title\" content=\"Rallonge extensible 15 m\u00e8tres pour casque IPF d\u00e9part avion - push \/ back - maintenance (jack m\u00e2le-femelle)\" \/>\n<meta property=\"og:description\" content=\"Cette rallonge compl\u00e9mentaire au casque d\u00e9part avion, permet d&#039;effectuer les op\u00e9rations en toute mobilit\u00e9. Push-back, maintenance, proc\u00e9dure d\u00e9part avion...\" \/>\n<meta property=\"og:url\" content=\"http:\/\/tarmac-equipements.fr\/index.php\/produit\/rallonge-extensible-15-metres-pour-casque-ipf-depart-avion-push-back-maintenance-jack-male-femelle\/\" \/>\n<meta property=\"og:site_name\" content=\"TARMAC EQUIPEMENTS\" \/>\n<meta property=\"article:modified_time\" content=\"2022-11-17T17:08:08+00:00\" \/>\n<meta property=\"og:image\" content=\"http:\/\/tarmac-equipements.fr\/wp-content\/uploads\/2022\/11\/rallonge-extensible-15m-1024x1024.jpg\" \/>\n\t<meta property=\"og:image:width\" content=\"1024\" \/>\n\t<meta property=\"og:image:height\" content=\"1024\" \/>\n\t<meta property=\"og:image:type\" content=\"image\/jpeg\" \/>\n<meta name=\"twitter:card\" content=\"summary_large_image\" \/>\n<meta name=\"twitter:label1\" content=\"Dur\u00e9e de lecture estim\u00e9e\" \/>\n\t<meta name=\"twitter:data1\" content=\"1 minute\" \/>\n<script type=\"application\/ld+json\" class=\"yoast-schema-graph\">{\"@context\":\"https:\/\/schema.org\",\"@graph\":[{\"@type\":\"WebPage\",\"@id\":\"http:\/\/tarmac-equipements.fr\/index.php\/produit\/rallonge-extensible-15-metres-pour-casque-ipf-depart-avion-push-back-maintenance-jack-male-femelle\/\",\"url\":\"http:\/\/tarmac-equipements.fr\/index.php\/produit\/rallonge-extensible-15-metres-pour-casque-ipf-depart-avion-push-back-maintenance-jack-male-femelle\/\",\"name\":\"Rallonge extensible 15 m\u00e8tres pour casque IPF d\u00e9part avion - push \/ back - maintenance (jack m\u00e2le-femelle)\",\"isPartOf\":{\"@id\":\"https:\/\/tarmac-equipements.fr\/#website\"},\"primaryImageOfPage\":{\"@id\":\"http:\/\/tarmac-equipements.fr\/index.php\/produit\/rallonge-extensible-15-metres-pour-casque-ipf-depart-avion-push-back-maintenance-jack-male-femelle\/#primaryimage\"},\"image\":{\"@id\":\"http:\/\/tarmac-equipements.fr\/index.php\/produit\/rallonge-extensible-15-metres-pour-casque-ipf-depart-avion-push-back-maintenance-jack-male-femelle\/#primaryimage\"},\"thumbnailUrl\":\"https:\/\/tarmac-equipements.fr\/wp-content\/uploads\/2022\/11\/rallonge-extensible-15m.jpg?v=1672863402\",\"datePublished\":\"2022-11-02T12:01:49+00:00\",\"dateModified\":\"2022-11-17T17:08:08+00:00\",\"description\":\"Cette rallonge compl\u00e9mentaire au casque d\u00e9part avion, permet d'effectuer les op\u00e9rations en toute mobilit\u00e9. Push-back, maintenance, proc\u00e9dure d\u00e9part avion...\",\"breadcrumb\":{\"@id\":\"http:\/\/tarmac-equipements.fr\/index.php\/produit\/rallonge-extensible-15-metres-pour-casque-ipf-depart-avion-push-back-maintenance-jack-male-femelle\/#breadcrumb\"},\"inLanguage\":\"fr-FR\",\"potentialAction\":[{\"@type\":\"ReadAction\",\"target\":[\"http:\/\/tarmac-equipements.fr\/index.php\/produit\/rallonge-extensible-15-metres-pour-casque-ipf-depart-avion-push-back-maintenance-jack-male-femelle\/\"]}]},{\"@type\":\"ImageObject\",\"inLanguage\":\"fr-FR\",\"@id\":\"http:\/\/tarmac-equipements.fr\/index.php\/produit\/rallonge-extensible-15-metres-pour-casque-ipf-depart-avion-push-back-maintenance-jack-male-femelle\/#primaryimage\",\"url\":\"https:\/\/tarmac-equipements.fr\/wp-content\/uploads\/2022\/11\/rallonge-extensible-15m.jpg?v=1672863402\",\"contentUrl\":\"https:\/\/tarmac-equipements.fr\/wp-content\/uploads\/2022\/11\/rallonge-extensible-15m.jpg?v=1672863402\",\"width\":2000,\"height\":2000},{\"@type\":\"BreadcrumbList\",\"@id\":\"http:\/\/tarmac-equipements.fr\/index.php\/produit\/rallonge-extensible-15-metres-pour-casque-ipf-depart-avion-push-back-maintenance-jack-male-femelle\/#breadcrumb\",\"itemListElement\":[{\"@type\":\"ListItem\",\"position\":1,\"name\":\"Accueil\",\"item\":\"https:\/\/tarmac-equipements.fr\/\"},{\"@type\":\"ListItem\",\"position\":2,\"name\":\"NOS PRODUITS\",\"item\":\"https:\/\/tarmac-equipements.fr\/index.php\/boutique\/\"},{\"@type\":\"ListItem\",\"position\":3,\"name\":\"Rallonge extensible 15 m\u00e8tres pour casque IPF d\u00e9part avion &#8211; push \/ back &#8211; maintenance (jack m\u00e2le-femelle)\"}]},{\"@type\":\"WebSite\",\"@id\":\"https:\/\/tarmac-equipements.fr\/#website\",\"url\":\"https:\/\/tarmac-equipements.fr\/\",\"name\":\"TARMAC EQUIPEMENTS\",\"description\":\"ACCESSOIRES AEROPORTUAIRES\",\"publisher\":{\"@id\":\"https:\/\/tarmac-equipements.fr\/#organization\"},\"potentialAction\":[{\"@type\":\"SearchAction\",\"target\":{\"@type\":\"EntryPoint\",\"urlTemplate\":\"https:\/\/tarmac-equipements.fr\/?s={search_term_string}\"},\"query-input\":{\"@type\":\"PropertyValueSpecification\",\"valueRequired\":true,\"valueName\":\"search_term_string\"}}],\"inLanguage\":\"fr-FR\"},{\"@type\":\"Organization\",\"@id\":\"https:\/\/tarmac-equipements.fr\/#organization\",\"name\":\"TARMAC EQUIPEMENTS\",\"url\":\"https:\/\/tarmac-equipements.fr\/\",\"logo\":{\"@type\":\"ImageObject\",\"inLanguage\":\"fr-FR\",\"@id\":\"https:\/\/tarmac-equipements.fr\/#\/schema\/logo\/image\/\",\"url\":\"https:\/\/tarmac-equipements.fr\/wp-content\/uploads\/2022\/01\/Logo-Officiel.png\",\"contentUrl\":\"https:\/\/tarmac-equipements.fr\/wp-content\/uploads\/2022\/01\/Logo-Officiel.png\",\"width\":1024,\"height\":576,\"caption\":\"TARMAC EQUIPEMENTS\"},\"image\":{\"@id\":\"https:\/\/tarmac-equipements.fr\/#\/schema\/logo\/image\/\"}}]}<\/script>\n<!-- \/ Yoast SEO plugin. -->","yoast_head_json":{"title":"Rallonge extensible 15 m\u00e8tres pour casque IPF d\u00e9part avion - push \/ back - maintenance (jack m\u00e2le-femelle)","description":"Cette rallonge compl\u00e9mentaire au casque d\u00e9part avion, permet d'effectuer les op\u00e9rations en toute mobilit\u00e9. Push-back, maintenance, proc\u00e9dure d\u00e9part avion...","robots":{"index":"index","follow":"follow","max-snippet":"max-snippet:-1","max-image-preview":"max-image-preview:large","max-video-preview":"max-video-preview:-1"},"canonical":"http:\/\/tarmac-equipements.fr\/index.php\/produit\/rallonge-extensible-15-metres-pour-casque-ipf-depart-avion-push-back-maintenance-jack-male-femelle\/","og_locale":"fr_FR","og_type":"article","og_title":"Rallonge extensible 15 m\u00e8tres pour casque IPF d\u00e9part avion - push \/ back - maintenance (jack m\u00e2le-femelle)","og_description":"Cette rallonge compl\u00e9mentaire au casque d\u00e9part avion, permet d'effectuer les op\u00e9rations en toute mobilit\u00e9. Push-back, maintenance, proc\u00e9dure d\u00e9part avion...","og_url":"http:\/\/tarmac-equipements.fr\/index.php\/produit\/rallonge-extensible-15-metres-pour-casque-ipf-depart-avion-push-back-maintenance-jack-male-femelle\/","og_site_name":"TARMAC EQUIPEMENTS","article_modified_time":"2022-11-17T17:08:08+00:00","og_image":[{"width":1024,"height":1024,"url":"http:\/\/tarmac-equipements.fr\/wp-content\/uploads\/2022\/11\/rallonge-extensible-15m-1024x1024.jpg","type":"image\/jpeg"}],"twitter_card":"summary_large_image","twitter_misc":{"Dur\u00e9e de lecture estim\u00e9e":"1 minute"},"schema":{"@context":"https:\/\/schema.org","@graph":[{"@type":"WebPage","@id":"http:\/\/tarmac-equipements.fr\/index.php\/produit\/rallonge-extensible-15-metres-pour-casque-ipf-depart-avion-push-back-maintenance-jack-male-femelle\/","url":"http:\/\/tarmac-equipements.fr\/index.php\/produit\/rallonge-extensible-15-metres-pour-casque-ipf-depart-avion-push-back-maintenance-jack-male-femelle\/","name":"Rallonge extensible 15 m\u00e8tres pour casque IPF d\u00e9part avion - push \/ back - maintenance (jack m\u00e2le-femelle)","isPartOf":{"@id":"https:\/\/tarmac-equipements.fr\/#website"},"primaryImageOfPage":{"@id":"http:\/\/tarmac-equipements.fr\/index.php\/produit\/rallonge-extensible-15-metres-pour-casque-ipf-depart-avion-push-back-maintenance-jack-male-femelle\/#primaryimage"},"image":{"@id":"http:\/\/tarmac-equipements.fr\/index.php\/produit\/rallonge-extensible-15-metres-pour-casque-ipf-depart-avion-push-back-maintenance-jack-male-femelle\/#primaryimage"},"thumbnailUrl":"https:\/\/tarmac-equipements.fr\/wp-content\/uploads\/2022\/11\/rallonge-extensible-15m.jpg?v=1672863402","datePublished":"2022-11-02T12:01:49+00:00","dateModified":"2022-11-17T17:08:08+00:00","description":"Cette rallonge compl\u00e9mentaire au casque d\u00e9part avion, permet d'effectuer les op\u00e9rations en toute mobilit\u00e9. Push-back, maintenance, proc\u00e9dure d\u00e9part avion...","breadcrumb":{"@id":"http:\/\/tarmac-equipements.fr\/index.php\/produit\/rallonge-extensible-15-metres-pour-casque-ipf-depart-avion-push-back-maintenance-jack-male-femelle\/#breadcrumb"},"inLanguage":"fr-FR","potentialAction":[{"@type":"ReadAction","target":["http:\/\/tarmac-equipements.fr\/index.php\/produit\/rallonge-extensible-15-metres-pour-casque-ipf-depart-avion-push-back-maintenance-jack-male-femelle\/"]}]},{"@type":"ImageObject","inLanguage":"fr-FR","@id":"http:\/\/tarmac-equipements.fr\/index.php\/produit\/rallonge-extensible-15-metres-pour-casque-ipf-depart-avion-push-back-maintenance-jack-male-femelle\/#primaryimage","url":"https:\/\/tarmac-equipements.fr\/wp-content\/uploads\/2022\/11\/rallonge-extensible-15m.jpg?v=1672863402","contentUrl":"https:\/\/tarmac-equipements.fr\/wp-content\/uploads\/2022\/11\/rallonge-extensible-15m.jpg?v=1672863402","width":2000,"height":2000},{"@type":"BreadcrumbList","@id":"http:\/\/tarmac-equipements.fr\/index.php\/produit\/rallonge-extensible-15-metres-pour-casque-ipf-depart-avion-push-back-maintenance-jack-male-femelle\/#breadcrumb","itemListElement":[{"@type":"ListItem","position":1,"name":"Accueil","item":"https:\/\/tarmac-equipements.fr\/"},{"@type":"ListItem","position":2,"name":"NOS PRODUITS","item":"https:\/\/tarmac-equipements.fr\/index.php\/boutique\/"},{"@type":"ListItem","position":3,"name":"Rallonge extensible 15 m\u00e8tres pour casque IPF d\u00e9part avion &#8211; push \/ back &#8211; maintenance (jack m\u00e2le-femelle)"}]},{"@type":"WebSite","@id":"https:\/\/tarmac-equipements.fr\/#website","url":"https:\/\/tarmac-equipements.fr\/","name":"TARMAC EQUIPEMENTS","description":"ACCESSOIRES AEROPORTUAIRES","publisher":{"@id":"https:\/\/tarmac-equipements.fr\/#organization"},"potentialAction":[{"@type":"SearchAction","target":{"@type":"EntryPoint","urlTemplate":"https:\/\/tarmac-equipements.fr\/?s={search_term_string}"},"query-input":{"@type":"PropertyValueSpecification","valueRequired":true,"valueName":"search_term_string"}}],"inLanguage":"fr-FR"},{"@type":"Organization","@id":"https:\/\/tarmac-equipements.fr\/#organization","name":"TARMAC EQUIPEMENTS","url":"https:\/\/tarmac-equipements.fr\/","logo":{"@type":"ImageObject","inLanguage":"fr-FR","@id":"https:\/\/tarmac-equipements.fr\/#\/schema\/logo\/image\/","url":"https:\/\/tarmac-equipements.fr\/wp-content\/uploads\/2022\/01\/Logo-Officiel.png","contentUrl":"https:\/\/tarmac-equipements.fr\/wp-content\/uploads\/2022\/01\/Logo-Officiel.png","width":1024,"height":576,"caption":"TARMAC EQUIPEMENTS"},"image":{"@id":"https:\/\/tarmac-equipements.fr\/#\/schema\/logo\/image\/"}}]}},"uagb_featured_image_src":{"full":["https:\/\/tarmac-equipements.fr\/wp-content\/uploads\/2022\/11\/rallonge-extensible-15m.jpg?v=1672863402",2000,2000,false],"thumbnail":["https:\/\/tarmac-equipements.fr\/wp-content\/uploads\/2022\/11\/rallonge-extensible-15m-150x150.jpg?v=1672863402",150,150,true],"medium":["https:\/\/tarmac-equipements.fr\/wp-content\/uploads\/2022\/11\/rallonge-extensible-15m-300x300.jpg?v=1672863402",300,300,true],"medium_large":["https:\/\/tarmac-equipements.fr\/wp-content\/uploads\/2022\/11\/rallonge-extensible-15m-768x768.jpg?v=1672863402",768,768,true],"large":["https:\/\/tarmac-equipements.fr\/wp-content\/uploads\/2022\/11\/rallonge-extensible-15m-1024x1024.jpg?v=1672863402",1024,1024,true],"1536x1536":["https:\/\/tarmac-equipements.fr\/wp-content\/uploads\/2022\/11\/rallonge-extensible-15m-1536x1536.jpg?v=1672863402",1536,1536,true],"2048x2048":["https:\/\/tarmac-equipements.fr\/wp-content\/uploads\/2022\/11\/rallonge-extensible-15m.jpg?v=1672863402",2000,2000,false],"woocommerce_thumbnail":["https:\/\/tarmac-equipements.fr\/wp-content\/uploads\/2022\/11\/rallonge-extensible-15m-300x300.jpg?v=1672863402",300,300,true],"woocommerce_single":["https:\/\/tarmac-equipements.fr\/wp-content\/uploads\/2022\/11\/rallonge-extensible-15m-600x600.jpg?v=1672863402",600,600,true],"woocommerce_gallery_thumbnail":["https:\/\/tarmac-equipements.fr\/wp-content\/uploads\/2022\/11\/rallonge-extensible-15m-100x100.jpg?v=1672863402",100,100,true]},"uagb_author_info":{"display_name":"Alexandre Hallot","author_link":"https:\/\/tarmac-equipements.fr\/index.php\/author\/"},"uagb_comment_info":0,"uagb_excerpt":"La rallonge de 15 m\u00e8tres extensible est compl\u00e9mentaire au casque d\u00e9part avion afin de permettre aux agents d'effectuer les op\u00e9rations en toute mobilit\u00e9.","jetpack_sharing_enabled":true,"_links":{"self":[{"href":"https:\/\/tarmac-equipements.fr\/index.php\/wp-json\/wp\/v2\/product\/1435","targetHints":{"allow":["GET"]}}],"collection":[{"href":"https:\/\/tarmac-equipements.fr\/index.php\/wp-json\/wp\/v2\/product"}],"about":[{"href":"https:\/\/tarmac-equipements.fr\/index.php\/wp-json\/wp\/v2\/types\/product"}],"wp:featuredmedia":[{"embeddable":true,"href":"https:\/\/tarmac-equipements.fr\/index.php\/wp-json\/wp\/v2\/media\/1450"}],"wp:attachment":[{"href":"https:\/\/tarmac-equipements.fr\/index.php\/wp-json\/wp\/v2\/media?parent=1435"}],"wp:term":[{"taxonomy":"product_brand","embeddable":true,"href":"https:\/\/tarmac-equipements.fr\/index.php\/wp-json\/wp\/v2\/product_brand?post=1435"},{"taxonomy":"product_cat","embeddable":true,"href":"https:\/\/tarmac-equipements.fr\/index.php\/wp-json\/wp\/v2\/product_cat?post=1435"},{"taxonomy":"product_tag","embeddable":true,"href":"https:\/\/tarmac-equipements.fr\/index.php\/wp-json\/wp\/v2\/product_tag?post=1435"}],"curies":[{"name":"wp","href":"https:\/\/api.w.org\/{rel}","templated":true}]}}